(base 4) to base 11.
-333408
Convert 4000425 (base 7) to base 10.
470811
-121213000033 (base 4) to base 8
-31470017
2216624 (base 9) to base 13
32999b
Convert -993473 (base 11) to base 13.
-436a46
What is -1010011010100001101 (base 2) in base 12?
-1455a5
Convert 135b (base 15) to base 4.
1000220
-11000110000110001100100 (base 2) to base 8
-30606144
Convert -519553 (base 11) to base 5.
-203120123
Convert -21201012020 (base 3) to base 9.
-251166
What is -1b09010 (base 13) in base 16?
-884602
What is 320130011 (base 5) in base 4?
11011132023
What is -27bbd (base 14) in base 15?
-1e228
What is 1078c1 (base 13) in base 4?
1132301111
Convert -230100123113 (base 4) to base 11.
-6604520
135894 (base 12) to base 10
320944
What is -2123343 (base 7) in base 2?
-111111000001000010
What is -357563 (base 8) in base 3?
-20020100220
10001101100101010101100 (base 2) to base 16
46caac
Convert 112062 (base 7) to base 16.
4de2
What is 4b9c3e (base 16) in base 2?
10010111001110000111110
Convert 13736053 (base 8) to base 16.
2fbc2b
Convert -1101000112 (base 4) to base 2.
-1010001000000010110
Convert 878318 (base 9) to base 15.
a55ab
-6459304 (base 11) to base 9
-23332705
What is -1334204 (base 7) in base 16?
-2b26b
20034250 (base 6) to base 3
1001200122210
Convert -2010133314 (base 5) to base 13.
-a99064
What is 100110011100000000 (base 2) in base 12?
77140
Convert 100100010000011 (base 2) to base 16.
4883
-221122011002 (base 3) to base 12
-204002
What is 834770 (base 13) in base 12?
103a435
Convert -29657 (base 10) to base 14.
-ab45
10101101100000001 (base 2) to base 15
1b4c3
1ac27 (base 13) to base 15
108b2
Convert -190336 (base 10) to base 12.
-92194
What is -121342366 (base 7) in base 9?
-15248114
Convert 52370 (base 11) to base 2.
10010101000010011
-1111300300 (base 4) to base 16
-55c30
-615c (base 15) to base 13
-9489
Convert 45045510 (base 6) to base 7.
14361324
Convert 561242 (base 10) to base 3.
1001111212202
Convert 131013102 (base 4) to base 16.
1d1d2
3a86c (base 15) to base 4
231302013
Convert 41c559 (base 13) to base 5.
343303031
Convert -5237628 (base 10) to base 7.
-62343024
Convert 3585830 (base 9) to base 8.
7331410
What is -9b50 (base 16) in base 12?
-1b014
21200032010 (base 4) to base 14
48bc7a
-101210232122 (base 4) to base 13
-c53b7c
What is 92834 (base 16) in base 14?
1189b6
What is -1041423042 (base 5) in base 6?
-121110501
443022410 (base 5) to base 15
27edc0
What is -88505 (base 10) in base 16?
-159b9
Convert -253436 (base 10) to base 12.
-1027b8
4120651 (base 10) to base 12
1468777
-10100000111010110111 (base 2) to base 9
-1214133
31051100 (base 6) to base 15
1299b6
Convert -74574 (base 13) to base 6.
-4254343
1116c3 (base 13) to base 8
1423430
-597468 (base 11) to base 4
-3213023103
Convert 1520670 (base 8) to base 3.
211002011220
203130134 (base 5) to base 11
519a77
-34a75a (base 11) to base 7
-4503546
971937 (base 10) to base 5
222100222
Convert -11111010011010 (base 2) to base 6.
-202110
Convert 34b45 (base 13) to base 5.
11041022
What is -203484 (base 9) in base 4?
-131131231
What is 2ec58 (base 16) in base 2?
101110110001011000
Convert 26232030 (base 7) to base 6.
123153400
-383a1 (base 12) to base 4
-102230221
Convert -32531034 (base 6) to base 8.
-3562376
245e (base 16) to base 2
10010001011110
b8207 (base 13) to base 15
685e7
-1627827 (base 10) to base 5
-404042302
Convert -15f8e (base 16) to base 12.
-440ba
What is -775534 (base 9) in base 5?
-104311401
-534b0 (base 12) to base 11
-75361
What is -253436 (base 12) in base 4?
-2110032222
Convert -412662 (base 8) to base 6.
-2532310
What is -10213113 (base 5) in base 11?
-59194
Convert 1868826 (base 13) to base 15.
a7b9d9
Convert -a4981 (base 11) to base 6.
-3135532
What is -9004 (base 15) in base 8?
-73253
What is 285218 (base 9) in base 15?
36a25
Convert -143055355 (base 7) to base 16.
-8fd3a3
What is -2cce72 (base 15) in base 10?
-2170007
Convert -184976 (base 10) to base 13.
-6626c
11011110111100111111101 (base 2) to base 7
116045330
What is 71623 (base 11) in base 5?
11321234
What is -8cb7 (base 14) in base 7?
-131220
212121210020020 (base 3) to base 8
57706514
Convert -17026 (base 15) to base 13.
-27a74
Convert 100526c (base 13) to base 3.
100002210210102
-22135135 (base 6) to base 7
-5442440
-408935 (base 10) to base 5
-101041220
1080b2 (base 15) to base 9
1427835
What is 1143455412 (base 6) in base 10?
13055840
What is 1001111010001010000 (base 2) in base 5?
40342223
1113325 (base 6) to base 13
1c943
What is -59010 (base 11) in base 16?
-14ccb
What is 43a94 (base 15) in base 6?
4335234
Convert 11202001020222 (base 3) to base 15.
34bb7b
Convert 266673 (base 8) to base 3.
11202102200
Convert -3795665 (base 10) to base 13.
-a2b873
What is 192444 (base 15) in base 13?
33a6cc
What is 160005 (base 9) in base 2?
11000000001110100
1312706 (base 8) to base 14
97566
Convert -5415000 (base 6) to base 4.
-1001020020
What is 11342313 (base 5) in base 9?
171311
What is 12102111101 (base 3) in base 6?
2142231
What is -101111001000101011 (base 2) in base 13?
-69b54
2058d (base 14) to base 12
39129
Convert 322100310 (base 4) to base 15.
4aa99
What is -6283643 (base 9) in base 11?
-1996973
Convert 41535011 (base 6) to base 15.
18d8da
31201044 (base 5) to base 3
111000201021
7590903 (base 10) to base 13
175a178
What is -3616a7a (base 11) in base 9?
-12768638
-301312312 (base 5) to base 4
-10210130020
What is -c2985 (base 14) in base 12?
-1a7061
Convert 1100001100100111 (base 2) to base 10.
49959
Convert -2582 (base 14) to base 2.
-1100110110110
-1011010010101010111 (base 2) to base 11
-232aa0
-65510063 (base 7) to base 9
-11508612
4423425 (base 6) to base 14
5a82d
What is -202022120221 (base 3) in base 14?
-a5a5c
What is -115021003 (base 7) in base 8?
-33312651
What is -2463252 (base 10) in base 3?
-11122010221120
213102012 (base 4) to base 15
32a1c
-4101233010 (base 5) to base 3
-120110222200011
What is -c0d12c (base 14) in base 12?
-220b804
Convert -21333202 (base 5) to base 15.
-395bc
Convert 100221000021 (base 3) to base 12.
95097
What is -100001100110001000010 (base 2) in base 11?
-692108
Convert -1135145 (base 6) to base 3.
-10000120102
-1010111001000010 (base 2) to base 16
-ae42
Convert 549885 (base 11) to base 15.
124c24
Convert 1094161 (base 11) to base 13.
51aac0
Convert 3b6fe (base 16) to base 8.
733376
What is 48c927 (base 14) in base 13?
693b73
Convert -11011101111111110110100 (base 2) to base 13.
-16790ba
What is -2ac4a6 (base 13) in base 15?
-15ca82
Convert -152546 (base 9) to base 6.
-2002023
What is 7763730 (base 8) in base 12?
84a074
What is 2214992 (base 12) in base 13?
1466c9c
What is 21b445 (base 15) in base 14?
2dbb4d
What is -2111312011 (base 4) in base 9?
-1134831
-181555 (base 14) to base 12
-34b35b
Convert -72768 (base 9) to base 6.
-1010142
What is -17bca (base 15) in base 6?
-1352031
What is 299044 (base 13) in base 14?
1c774c
What is -b335a (base 16) in base 12?
-2b4962
What is 111011000110010010000011 (base 2) in base 14?
20b3bd9
What is -12210021111211 (base 3) in base 6?
-145532504
5bddd (base 16) to base 14
9b1b7
Convert 100541303 (base 6) to base 15.
240c3c
What is -2a74b8 (base 12) in base 5?
-140432321
Convert 11111001001001110 (base 2) to base 3.
20110222200
-1640130 (base 8) to base 12
-1ab020
What is -212002032330 (base 4) in base 3?
-200202120010020
What is 53015224 (base 6) in base 16?
1787e0
-2331123313 (base 4) to base 12
-315047
1464542 (base 7) to base 14
53322
What is -7401451 (base 9) in base 14?
-7502a2
-9a54 (base 16) to base 7
-223120
What is -103132464 (base 7) in base 13?
-1370c34
What is 1001101110100010100 (base 2) in base 13?
b2106
-5c4c4 (base 13) to base 16
-29815
-e6db (base 16) to base 11
-40447
-321a (base 14) to base 8
-20710
What is 6142066 (base 7) in base 9?
1336477
221a0b (base 14) to base 15
17cd15
What is 222422 (base 13) in base 4?
3010133012
What is 214127 (base 8) in base 12?
35647
What is 5487a (base 12) in base 15?
2320d
Convert 123251222 (base 7) to base 6.
435225342
What is -202102222001 (base 3) in base 2?
-1100010001111001110
What is -8532540 (base 9) in base 15?
-6038c0
What is 28b646 (base 16) in base 12?
a8805a
Convert 9583a (base 12) to base 3.
100222111101
-1154941 (base 10) to base 8
-4317575
105218 (base 11